{"id":9416,"date":"2019-01-26T17:30:30","date_gmt":"2019-01-26T15:30:30","guid":{"rendered":"http:\/\/www.artokora.de\/?page_id=9416"},"modified":"2022-12-01T13:24:59","modified_gmt":"2022-12-01T11:24:59","slug":"monadenbruecke","status":"publish","type":"page","link":"https:\/\/www.artokora.de\/?page_id=9416","title":{"rendered":"Monadenbr\u00fccke"},"content":{"rendered":"\n<p>Bildtitel: 010 MonadenBruecke, digitale Komposition, Format: 100 x 75 cm; Datei: 290 MB, 300 dpi; Datum: 23.10.17<\/p>\n\n\n<style type=\"text\/css\">\n#foogallery-gallery-9418 .fg-image { width: 150px; }\n#foogallery-gallery-9418 { --fg-gutter: 10px; }<\/style>\n\t\t\t<div class=\"foogallery foogallery-container foogallery-default foogallery-lightbox-foobox fg-center fg-default fg-ready fg-light fg-border-thin fg-shadow-outline fg-loading-default fg-loaded-fade-in fg-caption-hover fg-hover-fade fg-hover-zoom\" id=\"foogallery-gallery-9418\" data-foogallery=\"{&quot;item&quot;:{&quot;showCaptionTitle&quot;:true,&quot;showCaptionDescription&quot;:true},&quot;lazy&quot;:true}\" style=\"--fg-title-line-clamp: 0; --fg-description-line-clamp: 0;\" >\n\t<div class=\"fg-item fg-type-image fg-idle\"><figure class=\"fg-item-inner\"><a href=\"https:\/\/www.artokora.de\/wp-content\/uploads\/2017\/10\/010-MonBruecke-Detail-10.jpg\" data-attachment-id=\"8313\" data-type=\"image\" class=\"fg-thumb\"><span class=\"fg-image-wrap\"><img decoding=\"async\" width=\"150\" height=\"150\" class=\"skip-lazy fg-image\" data-src-fg=\"https:\/\/www.artokora.de\/wp-content\/uploads\/cache\/2017\/10\/010-MonBruecke-Detail-10\/2065129920.jpg\" src=\"data:image\/svg+xml,%3Csvg%20xmlns%3D%22http%3A%2F%2Fwww.w3.org%2F2000%2Fsvg%22%20width%3D%22150%22%20height%3D%22150%22%20viewBox%3D%220%200%20150%20150%22%3E%3C%2Fsvg%3E\" loading=\"eager\"><\/span><span class=\"fg-image-overlay\"><\/span><\/a><\/figure><div class=\"fg-loader\"><\/div><\/div><div class=\"fg-item fg-type-image fg-idle\"><figure class=\"fg-item-inner\"><a href=\"https:\/\/www.artokora.de\/wp-content\/uploads\/2017\/10\/010-MonBruecke-Detail-9.jpg\" data-attachment-id=\"8312\" data-type=\"image\" class=\"fg-thumb\"><span class=\"fg-image-wrap\"><img decoding=\"async\" width=\"150\" height=\"150\" class=\"skip-lazy fg-image\" data-src-fg=\"https:\/\/www.artokora.de\/wp-content\/uploads\/cache\/2017\/10\/010-MonBruecke-Detail-9\/3300016600.jpg\" src=\"data:image\/svg+xml,%3Csvg%20xmlns%3D%22http%3A%2F%2Fwww.w3.org%2F2000%2Fsvg%22%20width%3D%22150%22%20height%3D%22150%22%20viewBox%3D%220%200%20150%20150%22%3E%3C%2Fsvg%3E\" loading=\"eager\"><\/span><span class=\"fg-image-overlay\"><\/span><\/a><\/figure><div class=\"fg-loader\"><\/div><\/div><div class=\"fg-item fg-type-image fg-idle\"><figure class=\"fg-item-inner\"><a href=\"https:\/\/www.artokora.de\/wp-content\/uploads\/2017\/10\/010-MonBruecke-Detail-8.jpg\" data-attachment-id=\"8311\" data-type=\"image\" class=\"fg-thumb\"><span class=\"fg-image-wrap\"><img decoding=\"async\" width=\"150\" height=\"150\" class=\"skip-lazy fg-image\" data-src-fg=\"https:\/\/www.artokora.de\/wp-content\/uploads\/cache\/2017\/10\/010-MonBruecke-Detail-8\/1139669407.jpg\" src=\"data:image\/svg+xml,%3Csvg%20xmlns%3D%22http%3A%2F%2Fwww.w3.org%2F2000%2Fsvg%22%20width%3D%22150%22%20height%3D%22150%22%20viewBox%3D%220%200%20150%20150%22%3E%3C%2Fsvg%3E\" loading=\"eager\"><\/span><span class=\"fg-image-overlay\"><\/span><\/a><\/figure><div class=\"fg-loader\"><\/div><\/div><div class=\"fg-item fg-type-image fg-idle\"><figure class=\"fg-item-inner\"><a href=\"https:\/\/www.artokora.de\/wp-content\/uploads\/2017\/10\/010-MonBruecke-Detail-7.jpg\" data-attachment-id=\"8310\" data-type=\"image\" class=\"fg-thumb\"><span class=\"fg-image-wrap\"><img decoding=\"async\" width=\"150\" height=\"150\" class=\"skip-lazy fg-image\" data-src-fg=\"https:\/\/www.artokora.de\/wp-content\/uploads\/cache\/2017\/10\/010-MonBruecke-Detail-7\/357465787.jpg\" src=\"data:image\/svg+xml,%3Csvg%20xmlns%3D%22http%3A%2F%2Fwww.w3.org%2F2000%2Fsvg%22%20width%3D%22150%22%20height%3D%22150%22%20viewBox%3D%220%200%20150%20150%22%3E%3C%2Fsvg%3E\" loading=\"eager\"><\/span><span class=\"fg-image-overlay\"><\/span><\/a><\/figure><div class=\"fg-loader\"><\/div><\/div><div class=\"fg-item fg-type-image fg-idle\"><figure class=\"fg-item-inner\"><a href=\"https:\/\/www.artokora.de\/wp-content\/uploads\/2017\/10\/010-MonBruecke-Detail-6.jpg\" data-caption-title=\"Monaden\" data-attachment-id=\"8309\" data-type=\"image\" class=\"fg-thumb\"><span class=\"fg-image-wrap\"><img decoding=\"async\" title=\"Monaden\" width=\"150\" height=\"150\" class=\"skip-lazy fg-image\" data-src-fg=\"https:\/\/www.artokora.de\/wp-content\/uploads\/cache\/2017\/10\/010-MonBruecke-Detail-6\/313645804.jpg\" src=\"data:image\/svg+xml,%3Csvg%20xmlns%3D%22http%3A%2F%2Fwww.w3.org%2F2000%2Fsvg%22%20width%3D%22150%22%20height%3D%22150%22%20viewBox%3D%220%200%20150%20150%22%3E%3C%2Fsvg%3E\" loading=\"eager\"><\/span><span class=\"fg-image-overlay\"><\/span><\/a><figcaption class=\"fg-caption\"><div class=\"fg-caption-inner\"><div class=\"fg-caption-title\">Monaden<\/div><\/div><\/figcaption><\/figure><div class=\"fg-loader\"><\/div><\/div><div class=\"fg-item fg-type-image fg-idle\"><figure class=\"fg-item-inner\"><a href=\"https:\/\/www.artokora.de\/wp-content\/uploads\/2017\/10\/010-MonBruecke-Detail-5.jpg\" data-attachment-id=\"8308\" data-type=\"image\" class=\"fg-thumb\"><span class=\"fg-image-wrap\"><img decoding=\"async\" width=\"150\" height=\"150\" class=\"skip-lazy fg-image\" data-src-fg=\"https:\/\/www.artokora.de\/wp-content\/uploads\/cache\/2017\/10\/010-MonBruecke-Detail-5\/331171975.jpg\" src=\"data:image\/svg+xml,%3Csvg%20xmlns%3D%22http%3A%2F%2Fwww.w3.org%2F2000%2Fsvg%22%20width%3D%22150%22%20height%3D%22150%22%20viewBox%3D%220%200%20150%20150%22%3E%3C%2Fsvg%3E\" loading=\"eager\"><\/span><span class=\"fg-image-overlay\"><\/span><\/a><\/figure><div class=\"fg-loader\"><\/div><\/div><div class=\"fg-item fg-type-image fg-idle\"><figure class=\"fg-item-inner\"><a href=\"https:\/\/www.artokora.de\/wp-content\/uploads\/2017\/10\/010-MonBruecke-Detail-4.jpg\" data-attachment-id=\"8307\" data-type=\"image\" class=\"fg-thumb\"><span class=\"fg-image-wrap\"><img decoding=\"async\" width=\"150\" height=\"150\" class=\"skip-lazy fg-image\" data-src-fg=\"https:\/\/www.artokora.de\/wp-content\/uploads\/cache\/2017\/10\/010-MonBruecke-Detail-4\/1615140325.jpg\" src=\"data:image\/svg+xml,%3Csvg%20xmlns%3D%22http%3A%2F%2Fwww.w3.org%2F2000%2Fsvg%22%20width%3D%22150%22%20height%3D%22150%22%20viewBox%3D%220%200%20150%20150%22%3E%3C%2Fsvg%3E\" loading=\"eager\"><\/span><span class=\"fg-image-overlay\"><\/span><\/a><\/figure><div class=\"fg-loader\"><\/div><\/div><div class=\"fg-item fg-type-image fg-idle\"><figure class=\"fg-item-inner\"><a href=\"https:\/\/www.artokora.de\/wp-content\/uploads\/2017\/10\/010-MonBruecke-Detail-3.jpg\" data-attachment-id=\"8306\" data-type=\"image\" class=\"fg-thumb\"><span class=\"fg-image-wrap\"><img decoding=\"async\" width=\"150\" height=\"150\" class=\"skip-lazy fg-image\" data-src-fg=\"https:\/\/www.artokora.de\/wp-content\/uploads\/cache\/2017\/10\/010-MonBruecke-Detail-3\/3842214260.jpg\" src=\"data:image\/svg+xml,%3Csvg%20xmlns%3D%22http%3A%2F%2Fwww.w3.org%2F2000%2Fsvg%22%20width%3D%22150%22%20height%3D%22150%22%20viewBox%3D%220%200%20150%20150%22%3E%3C%2Fsvg%3E\" loading=\"eager\"><\/span><span class=\"fg-image-overlay\"><\/span><\/a><\/figure><div class=\"fg-loader\"><\/div><\/div><div class=\"fg-item fg-type-image fg-idle\"><figure class=\"fg-item-inner\"><a href=\"https:\/\/www.artokora.de\/wp-content\/uploads\/2017\/10\/010-MonBruecke-Detail-2.jpg\" data-attachment-id=\"8305\" data-type=\"image\" class=\"fg-thumb\"><span class=\"fg-image-wrap\"><img decoding=\"async\" width=\"150\" height=\"150\" class=\"skip-lazy fg-image\" data-src-fg=\"https:\/\/www.artokora.de\/wp-content\/uploads\/cache\/2017\/10\/010-MonBruecke-Detail-2\/1650209075.jpg\" src=\"data:image\/svg+xml,%3Csvg%20xmlns%3D%22http%3A%2F%2Fwww.w3.org%2F2000%2Fsvg%22%20width%3D%22150%22%20height%3D%22150%22%20viewBox%3D%220%200%20150%20150%22%3E%3C%2Fsvg%3E\" loading=\"eager\"><\/span><span class=\"fg-image-overlay\"><\/span><\/a><\/figure><div class=\"fg-loader\"><\/div><\/div><div class=\"fg-item fg-type-image fg-idle\"><figure class=\"fg-item-inner\"><a href=\"https:\/\/www.artokora.de\/wp-content\/uploads\/2017\/10\/010-MonBruecke-Detail-1.jpg\" data-attachment-id=\"8304\" data-type=\"image\" class=\"fg-thumb\"><span class=\"fg-image-wrap\"><img decoding=\"async\" width=\"150\" height=\"150\" class=\"skip-lazy fg-image\" data-src-fg=\"https:\/\/www.artokora.de\/wp-content\/uploads\/cache\/2017\/10\/010-MonBruecke-Detail-1\/1666229080.jpg\" src=\"data:image\/svg+xml,%3Csvg%20xmlns%3D%22http%3A%2F%2Fwww.w3.org%2F2000%2Fsvg%22%20width%3D%22150%22%20height%3D%22150%22%20viewBox%3D%220%200%20150%20150%22%3E%3C%2Fsvg%3E\" loading=\"eager\"><\/span><span class=\"fg-image-overlay\"><\/span><\/a><\/figure><div class=\"fg-loader\"><\/div><\/div><div class=\"fg-item fg-type-image fg-idle\"><figure class=\"fg-item-inner\"><a href=\"https:\/\/www.artokora.de\/wp-content\/uploads\/2017\/10\/010-MonadenBruecke.jpg\" data-caption-title=\"Monaden Br\u00fccke\" data-attachment-id=\"8303\" data-type=\"image\" class=\"fg-thumb\"><span class=\"fg-image-wrap\"><img decoding=\"async\" title=\"Monaden Br\u00fccke\" width=\"150\" height=\"150\" class=\"skip-lazy fg-image\" data-src-fg=\"https:\/\/www.artokora.de\/wp-content\/uploads\/cache\/2017\/10\/010-MonadenBruecke\/3315704454.jpg\" src=\"data:image\/svg+xml,%3Csvg%20xmlns%3D%22http%3A%2F%2Fwww.w3.org%2F2000%2Fsvg%22%20width%3D%22150%22%20height%3D%22150%22%20viewBox%3D%220%200%20150%20150%22%3E%3C%2Fsvg%3E\" loading=\"eager\"><\/span><span class=\"fg-image-overlay\"><\/span><\/a><figcaption class=\"fg-caption\"><div class=\"fg-caption-inner\"><div class=\"fg-caption-title\">Monaden Br\u00fccke<\/div><\/div><\/figcaption><\/figure><div class=\"fg-loader\"><\/div><\/div><\/div>\n\n\n\n<p><\/p>\n\n\n\n<p>\u00dcber die Monaden und die Sch\u00f6pfung durch diese\u2026<\/p>\n\n\n\n<p>Selbstverst\u00e4ndlich sind alle menschlichen Vorstellungen eines urs\u00e4chlichen Wesens vor aller Offenbarung nur unspezifische Annahmen bzw. Hypothesen, die sich meistens auf Aussagen oder niedergeschriebene Dokumente historischer Personen beziehen, z.B. Propheten oder Religionsstifter verschiedener Kulturen. <br>Hinsichtlich der Erkenntnis des unkennbaren Sch\u00f6pfungsfeldes vor jedem Anbeginn einer Offenbarung verh\u00e4lt sich unser Denken zur Realit\u00e4t wie das Polygon (Vieleck) zum Kreis. Obgleich jedermann nach Einstein mittlerweile wei\u00df, dass der Weltenraum gigantisch gro\u00df ist, bleibt es allen Forschern oder Astronauten versagt, die Grenzen des Universums auch nur ann\u00e4herungsweise anzudeuten. Weil das menschliche Denken solche Gegens\u00e4tze nicht verarbeiten kann, werden sie von den Philosophen gerne hinter nebul\u00f6sen Hypothesen \u00fcber kosmologische Voraussetzungen verborgen. Bereits in Griechenland gab es seinerzeit einen \u00abunbekannten Gott\u00bb, der auf dem Aeropagit vom Volk verehrt wurde, wie Paulus seinerzeit bei seiner Visite in Athen festgestellt haben soll. In der hinduistischen Philosophie gibt es mehrere Sch\u00f6pfungsmythen, bei denen unpers\u00f6nliche Weltfelder als die h\u00f6chsten unkennbaren Kraftwirkungen des Universums benannt werden. Angesichts der h\u00e4ufig kontroversen Vorstellungen \u00fcber die Sch\u00f6pfung bzw. die Lebensvorg\u00e4nge im All kann der Mensch eigentlich immer nur konstatieren, dass dieser unser Kosmos stets ein weit \u00fcber das Verstandesdenken hinausgehendes Miteinander \u00fcberdimensionaler metaphysischer Wirkungen, Reflexionen und Kommunikation ist und war. Alle Weisen der Welt best\u00e4tigen seit der Antike eine weitgehend akzeptierte Aussage: Das h\u00f6chste allumfassende einzige Universum steht in einer dynamischen, vollkommenen Einheit aller Vielheiten, die \u00fcber jedes menschliche Denken und Erfassen hinausgeht. <\/p>\n\n\n\n<p><em>Hier ein Zitat von Giordano Bruno aus seinem Buch \u201e\u00dcber die Ursache, das Prinzip und das Eine\u201c: \u00abWas wir auch im Weltall betrachten: es enth\u00e4lt, was Alles in Allem ist, und umfasst daher auf seine Weise die ganze Weltseele (Urmonade), wenn auch \u2013 wie schon gesagt \u2013 nicht vollst\u00e4ndig, so doch als eine solche, die ganz in jedem beliebigen Teil des Universums ist. Da der Aktus einer ist und \u00fcberall ein Sein bewirkt, so darf man annehmen, dass es in der Welt eine Vielheit von Substanzen (Monaden) und von dem gebe, was wahrhaft das Sein bildet. Dar\u00fcber hinaus seht Ihr es \u2013 wie ich wei\u00df \u2013 als unzweifelhaft an, dass jeder einzelne dieser unz\u00e4hligen Weltk\u00f6rper, die wir im Universum erblicken, darin nicht wie in einem ihn umschlie\u00dfenden Raum oder Zwischenraum an bestimmter Stelle schwebt, sondern wie in einem alles Umfassenden, Erhaltenden, Bewegenden und Schaffenden, welches von jedem dieser Weltk\u00f6rper ebenso ganz umfasst wird wie die Weltseele von jedem seiner Teile. Wenn also ein einzelner Weltk\u00f6rper \u2013 wie die Erde \u2013 sich auf einen anderen wie die Sonne \u2013 zubewegt und ihn umkreist, so bewegt sich doch in bezug auf das Universum keiner auf dasselbe zu, noch um dasselbe, sondern in demselben. Au\u00dferdem lehrt Ihr, dass auch das Wesen des Universums Eines im Unendlichen ist und in jedem Ding, sofern man es als Glied von jenem betrachtet, so dass in der Tat das Ganze und alle seine Teile der Substanz nach Eines sind; \u2026\u00bb<\/em> \u2013<\/p>\n\n\n\n<p><em>Und Dionysios Aeropagita teilt uns seine Weisheit von der Einheit des urs\u00e4chlichen Feldes mit: \u00abDie heilig Eingeweihten verstehen unserer theologischen \u00dcberlieferung nach unter g\u00f6ttlicher Einung jene geheime Wirklichkeiten, die tiefgr\u00fcndiger als jeder Urgrund und darum nicht mitteilbar sind. Sie f\u00fchren bis zur H\u00f6he jener Einheit empor, die uns unerreichbar, unsagbar und unerkennbar ist. Und dieselben Theologen nennen g\u00f6ttliche Sonderung jedes wohlt\u00e4tige Offenbarwerden der Urgottheit, d.h. alle ihre \u00c4u\u00dferungen im Hinblick auf uns. <br> Ein Beispiel: gem\u00e4\u00df der wahrhaft g\u00f6ttlichen Einheit des urg\u00f6ttlichen Wesens, das jenseits aller Wesen ist, m\u00fcssen wir der ureinen Dreifaltigkeit folgende einheitlich gemeinsamen Eigenschaften zuschreiben: ihr heiliges Vorhandensein \u00fcberragt alles Wesenhafte, ihre heilige G\u00f6ttlichkeit \u00fcbersteigt jedes einzelne G\u00f6ttliche, ihr allwirkendes Gute reicht \u00fcber alles wirkende Gute hinaus und ihre heilige Identit\u00e4t \u2013 ihr \u00fcber alles erhabenes Sich-Selbst-Ewig-Gleich-Bleiben \u2013 umfasst und sprengt alle einzelnen Eigent\u00fcmlichkeiten in ihrer Ganzheit. Die heilige Dreifaltigkeit ist deshalb eine Einheit auch noch jenseits und oberhalb des Prinzips der Einheit selbst, denn sie ist jenseits von jeder Eigenschaft, und ebenso jenseits von Unsagbarkeit, Vielheit oder Vielnamigkeit, jenseits von Unkennbarkeit oder allbegreifendem Weltverstehen, jenseits von allumfassendem Bejahen, allumfassendem Verneinen, \u00dcbersteigen, Unerreichbarbleiben \u2026\u00bb<\/em><\/p>\n\n\n\n<p>Man kann heute nach den weitreichenden Erkenntnissen der Quantenphysik und der Erforschung der elektromagnetischen Wellen (Licht, Rundfunk) diese gewaltige Einheit aller Sch\u00f6pfungen sehr viel besser verstehen, als zu den Zeiten, in denen gerade die fundamentalen Erkenntnisse der Materie in ihrer sich in der Natur offenbarenden Vielf\u00e4ltigkeit von den ersten Naturwissenschaftlern besprochen werden konnten. So k\u00f6nnen wir heute sagen, und mit Bestimmtheit durchaus davon ausgehen, dass es in der Alloffenbarung  eine mit allen universalen Kr\u00e4ften und Dimensionen ausgestattete <a href=\"http:\/\/www.artokora.de\/?p=8622\">Monade<\/a>, die Urmonade in dem unkennbaren Urfeld des Universums gibt, aus der alle weiteren Monaden der Galaxien, Sternen und Planeten hervorgegangen sind. <br> In diesem allumfassenden Offenbarungsfeld vibrierte ein alles tragendes und durchdringendes universales Bewusstsein, \u00abdie universale Seele\u00bb, das mit seiner unbeschreiblichen Energie und unvorstellbaren Liebe die Idee des ewigen unkennbaren g\u00f6ttlichen Urfeldes \u00fcber die Monaden und die ihnen zugeh\u00f6rigen morphischen Feldern, Makrokosmen, Kosmen und Mikrokosmen seit aller ewigkeit kommuniziert. <br> Es expandierten <a href=\"http:\/\/www.artokora.de\/?p=5468\">sieben Dimensionen  <\/a> und erf\u00fcllten die sieben kosmischen Gebiete <a href=\"http:\/\/www.artokora.de\/?p=5468\">mit sieben Kraftstr\u00f6me<\/a>. Das universale Bewusstsein stand als fundamentales Lebensprinzip bei allen seinen Offenbarungen in der Mitte, die sich in einer Kaskade von Monaden mit ihren morphischen Feldern und ihren imanenten Kosmen im unendlichen Raum des Offenbarungsfeldes ausbreiteten. <br>In allen Monaden und Kosmen vibriert stets die eine alles umfassende Grundidee der g\u00f6ttlichen Sch\u00f6pfung: Das jeder Monade eingeborene Werkzeug, \u2013 eine Galaxie in einem Makrokosmos, ein Sonnensystem in einem Makrokosmos, ein Planet in einem Kosmos oder ein Lebewesen, wie z.B. der Mensch, in einem <a href=\"http:\/\/www.artokora.de\/?p=5453\">Mikrokosmos<\/a> \u2013 wird durch die sieben sch\u00f6pferischen Kr\u00e4fte des Universums mit den in den gro\u00dfen Systemen innewohnenden Monaden zur Vollendung entwickelt. Dies ist ein fortdauerendes kontinuierliches System kreativer emergenter Entfaltung. <br>In dem uns n\u00e4her stehenden Makrokosmos der Milchstra\u00dfe begegnen sich die Kr\u00e4fte der kosmischen Monade Erde innerhalb der kosmischen Monade des Sonnensystems mit den acht Monaden der Planeten Merkur, Venus, Mars, Jupiter, Saturn, Uranus, Neptun, Pluto, sowie ihren Monden. Jede Monade unserer Galaxie beherbergt eine komplette Sch\u00f6pfung aus sieben Kraftfeldern, eine lebendige Wesenheit in Entwicklung. So wird der Planet Erde mit allen eingebundenen Wesen und Lebenswellen mit ihren Monaden von der Erd-Monade zur Vollendung im Kosmos der Sonne gef\u00fchrt. Die naturgebundene Evolution wird von zahlreichen Monaden der Menschen und Wesen auf der Erde dynamisiert. Sie treiben alle implementierten Kosmen, Wesen, Lebenswellen zur Vollkommenheit; erst zur Vereinigung mit ihrer eigenen Monade, dann zur Versammlung aller Monaden mit gleicher Vibrationstiefe, damit die sie umfassenden Monaden ihrerseits zur Vervollkommnung kommen und sich mit der Monade der ERde in die h\u00f6her stehende Monade der Sonne eingliedern k\u00f6nnen.<\/p>\n\n\n\n<p>Diese Betrachtung lehnt sich auch an das Gedankenfeld von Gottfried Wilhelm Leibniz an, der im 17. Jahrhundert in seiner Theodizee und der Monadologie auf besondere Weise die Zusammenh\u00e4nge zwischen der Ursch\u00f6pfung, dem Gotteswesen und seinen Gesch\u00f6pfen bis hinunter zur einfachen Natur dargelegt hat. Als beachtenswert und relevant f\u00fcr diese Ausf\u00fchrungen soll folgender Gedanke aus der Monadologie stehen: \u201eDie kleinsten, einfachen, unteilbaren Teile (A-tomos) in der Natur, (die Monaden) sind im metaphysischen Sinn die Ideen des Sch\u00f6pfers.\u201c Leibniz verwendet daf\u00fcr auch den Begriff \u201eSubstanz\u201c. Seit Aristoteles versteht die Philosophie unter \u201eSubstanz\u201c ein selbst\u00e4ndiges seiendes Wesen oder Entelechie. Diesen einfachen Teilen gibt Leibniz dann den Namen Monade. Das Wort selbst stammt von dem griechischen Wort Monas ab, was so viel wie Einheit bedeutet. Nur die Einheit ist Sein, die sich aus der Einfachheit, der Einzelheit und der Einzigkeit zusammensetzt. Leibniz verbindet sich mit diesem Denkansatz \u00fcber das universale Geschehen und die Sch\u00f6pfung mit Giordano Bruno, der in seinem Werk \u201e\u00dcber die Ursache, das Prinzip und das Eine\u201c 1584 ein hohes Lied auf die grundlegende Einheit der Sch\u00f6pfung verfasst hat. Brunos vielf\u00e4ltige Begr\u00fcndungen arithmetischer und geometrischer Art begr\u00fcnden aus menschlicher Sicht die alles umfassende Einheit der Sch\u00f6pfung in aller Vielheit. <br>Zumal wir selbst denkende Wesen eines Mikrokosmos innerhalb einer Monade sind, k\u00f6nnen wir diese plausiblen Darlegungen der g\u00f6ttlichen Einheit eigentlich auch begreifen, in der sich die Vielfachheit der Gesch\u00f6pfe offenbaren kann. Als Basis f\u00fcr die Evolution proklamieren beide Philosophen die Monaden, diese \u201eeinfachen Substanzen\u201c \u2013 aus sieben sich gegenseitig durchdringenden 7-fachen Kraftfeldern konzipierte Holokumulies \u2013, die als selbstst\u00e4ndig seiende Wesen nur m\u00f6glich sein k\u00f6nnen, wenn auch eine Vielheit zusammengesetzter Substanzen (Monaden), also eine r\u00e4umliche und k\u00f6rperliche Welt in Evolution existiert. Daraus muss man dann folgern: Die Menschen sind keine Kinder des Gottes; sie sind mit ihren Mikrokosmen Kinder der Monaden, die insofern dann aber die V\u00e4ter\/M\u00fctter der Menschen sind. <\/p>\n\n\n\n<hr class=\"wp-block-separator\"\/>\n\n\n\n<p>Schreibe mir Deine Gedanken zum Text oder zum Bild \u00fcber <a href=\"http:\/\/www.artokora.de\/?page_id=74\"><strong>Kontakt<\/strong><\/a><\/p>\n\n\n\n<hr class=\"wp-block-separator\"\/>\n","protected":false},"excerpt":{"rendered":"<p>Bildtitel: 010 MonadenBruecke, digitale Komposition, Format: 100 x 75 cm; Datei: 290 MB, 300 dpi; Datum: 23.10.17 \u00dcber die Monaden und die Sch\u00f6pfung durch diese\u2026 Selbstverst\u00e4ndlich sind alle menschlichen Vorstellungen eines urs\u00e4chlichen Wesens vor aller Offenbarung nur unspezifische Annahmen bzw. Hypothesen, die sich meistens auf Aussagen oder niedergeschriebene Dokumente historischer Personen beziehen, z.B. Propheten oder &hellip; <\/p>\n<p class=\"link-more\"><a href=\"https:\/\/www.artokora.de\/?page_id=9416\" class=\"more-link\"><span class=\"screen-reader-text\">\u201eMonadenbr\u00fccke\u201c<\/span> weiterlesen<\/a><\/p>\n","protected":false},"author":2,"featured_media":8303,"parent":5049,"menu_order":0,"comment_status":"closed","ping_status":"closed","template":"","meta":{"footnotes":""},"class_list":["post-9416","page","type-page","status-publish","has-post-thumbnail","hentry"],"_links":{"self":[{"href":"https:\/\/www.artokora.de\/index.php?rest_route=\/wp\/v2\/pages\/9416"}],"collection":[{"href":"https:\/\/www.artokora.de\/index.php?rest_route=\/wp\/v2\/pages"}],"about":[{"href":"https:\/\/www.artokora.de\/index.php?rest_route=\/wp\/v2\/types\/page"}],"author":[{"embeddable":true,"href":"https:\/\/www.artokora.de\/index.php?rest_route=\/wp\/v2\/users\/2"}],"replies":[{"embeddable":true,"href":"https:\/\/www.artokora.de\/index.php?rest_route=%2Fwp%2Fv2%2Fcomments&post=9416"}],"version-history":[{"count":11,"href":"https:\/\/www.artokora.de\/index.php?rest_route=\/wp\/v2\/pages\/9416\/revisions"}],"predecessor-version":[{"id":12088,"href":"https:\/\/www.artokora.de\/index.php?rest_route=\/wp\/v2\/pages\/9416\/revisions\/12088"}],"up":[{"embeddable":true,"href":"https:\/\/www.artokora.de\/index.php?rest_route=\/wp\/v2\/pages\/5049"}],"wp:featuredmedia":[{"embeddable":true,"href":"https:\/\/www.artokora.de\/index.php?rest_route=\/wp\/v2\/media\/8303"}],"wp:attachment":[{"href":"https:\/\/www.artokora.de\/index.php?rest_route=%2Fwp%2Fv2%2Fmedia&parent=9416"}],"curies":[{"name":"wp","href":"https:\/\/api.w.org\/{rel}","templated":true}]}}