{"id":1193,"date":"2013-06-19T09:30:01","date_gmt":"2013-06-19T09:30:01","guid":{"rendered":"http:\/\/themes.themegoods.com\/titan_wp\/?page_id=2"},"modified":"2025-08-31T10:57:34","modified_gmt":"2025-08-31T08:57:34","slug":"sample-page","status":"publish","type":"page","link":"https:\/\/www.artokora.de\/?page_id=1193","title":{"rendered":"Vita"},"content":{"rendered":"\n<p><strong><em>Hallo und guten Tag.<\/em> <\/strong><\/p>\n\n\n\n<p>Die Lebensfelder, die den Menschen, den Kosmos und das Universum wirken lassen, kann kein Mensch erfassen, denn diese f\u00fcr den normalen Sterblichen unsichtbaren Lebensfelder k\u00f6nnen von seine materiellen Wahrnehmungsorganen nichtrealisiert werden. Sie bleiben abstrakt. Darum sind meine Bildealle abstrakt sofern ich keine Kopien aus Fotos umgesetzt habe. Auch dann bleiben die Bilder symbolisch. Die materielle Wirklichkeit wird von den unsichbaren Energie-Felder produziert, in die Materie profektiert. Darum kreisen die angef\u00fcgten Texte.<\/p>\n\n\n\n<p class=\"has-vivid-red-color has-text-color has-medium-font-size\"><strong><em>Die Akasha \u2013 <\/em><\/strong>der Oberbegriff f\u00fcr die Lebensfelder des Universums in der indischen Philosophie  wird im esoterischen Wetsen PSI-Feld oder Noossph\u00e4re genannt. Alle Wirklichkeiten der materiellen Welt sind nur eine energetische Erscheinung der h\u00f6heren Lebensfelder. <br>Die Identifikation damit hei\u00dft Maya. \u2013 Die materielle Welt ist nur die Kinderstube in der Menschen Wirklichkeit. \u2013 Der Mensch muss die Grenzen seiner materiellen Erscheinung \u00fcberwinden um erwachsen zu werden. \u2013 In den holistischen Feldern der Welt gibt es keine Grenzen.<\/p>\n\n\n\n<figure class=\"wp-block-image size-large is-resized\"><img loading=\"lazy\" decoding=\"async\" width=\"638\" height=\"960\" src=\"http:\/\/www.artokora.de\/wp-content\/uploads\/2022\/01\/Peter-DSC_2695-638x960.jpg\" alt=\"\" class=\"wp-image-12030\" style=\"width:650px;height:973px\" srcset=\"https:\/\/www.artokora.de\/wp-content\/uploads\/2022\/01\/Peter-DSC_2695-638x960.jpg 638w, https:\/\/www.artokora.de\/wp-content\/uploads\/2022\/01\/Peter-DSC_2695-199x300.jpg 199w, https:\/\/www.artokora.de\/wp-content\/uploads\/2022\/01\/Peter-DSC_2695-768x1156.jpg 768w, https:\/\/www.artokora.de\/wp-content\/uploads\/2022\/01\/Peter-DSC_2695-1020x1536.jpg 1020w, https:\/\/www.artokora.de\/wp-content\/uploads\/2022\/01\/Peter-DSC_2695-1360x2048.jpg 1360w, https:\/\/www.artokora.de\/wp-content\/uploads\/2022\/01\/Peter-DSC_2695-scaled.jpg 1700w\" sizes=\"(max-width: 638px) 100vw, 638px\" \/><\/figure>\n\n\n<p><span style=\"color: #0000ff;\"><strong>Peter Alexander Kremin,<\/strong><\/span> geboren in Berlin, aufgewachsen in Hannover, Grafik-Design studiert an der FH D\u00fcsseldorf,\u00a0 aktuell wohnhaft in Helmenzen bei Altenkirchen im Westerwald<\/p>\n<p><em><span style=\"color: #0000ff;\"><strong>Peter Alexander Kremin,<\/strong><\/span> born in Berlin, grew up in Hanover, studied design at the FH Duesseldorf,\u00a0 living currently in Helmenzen, place in Westerwald.<\/em><\/p>\n<p>In <span style=\"color: #ff0000;\"><strong><a href=\"http:\/\/www.artokora.de\/?page_id=4772\"><span style=\"color: #ff0000;\">\u00abGalerie<\/span><\/a>\u00bb<\/strong> <\/span>(aktualisiert Oktober. 2021) werden digitale Kunstwerke pr\u00e4sentiert, die nicht nur einer exquisiten Umgebung gerecht werden. Unter <a href=\"http:\/\/www.artokora.de\/?page_id=5049\"><strong><span style=\"color: #ff0000;\">\u00abBilder + Texten\u00bb<\/span><\/strong><\/a>\u00a0 findest Du das <a href=\"http:\/\/www.artokora.de\/?page_id=4761\"><span style=\"color: #ff0000;\"><strong>\u00ab<\/strong><strong>Buch Sehnsucht\u00bb<\/strong><\/span><\/a>, Bilder mit Aussagen \u00fcber brandaktuelle Themen des menschlichen Seins; sowie einzelne Bilder f\u00fcr Menschen, die auch mit dem Herzen sehen und denken .\u00a0 <a href=\"http:\/\/www.artokora.de\/?page_id=2437\">Gemalte Bilder<\/a> enthalten auch Feder-Zeichnungen verschiedener Motive aus den Jahren vor 1990.<span style=\"color: #ff0000;\"><strong>\u00a0 <a href=\"http:\/\/www.artokora.de\/?page_id=5626\"><span style=\"color: #ff0000;\">Dekorative Kunst<\/span><\/a> <\/strong><\/span>und <a href=\"http:\/\/www.artokora.de\/?page_id=912\"><strong><span style=\"color: #ff0000;\">Moderne Kunst<\/span> <\/strong><\/a>beinhalten vor allem digital erstellte Kunstwerke, realisiert nach 2000, die sich in jedem praktischen Format reproduzieren lassen.<\/p>\n<p>Unter\u00a0 \u00ab<a href=\"http:\/\/www.artokora.de\/?page_id=5000\"><strong><span style=\"color: #ff0000;\">Freie Philosophie<\/span><\/strong><\/a>\u00bb werden neben eigenen spirituellen <a href=\"http:\/\/www.artokora.de\/?page_id=7730\">\u00ab<strong><span style=\"color: #333399;\">Neues Denken\u00bb<\/span><\/strong><\/a> auch von mir erg\u00e4nzend interpretierte Texte moderner Autoren unter<a href=\"http:\/\/www.artokora.de\/?page_id=7728\"><span style=\"color: #333399;\"><strong> \u00abModerne Philosophie\u00bb <\/strong><\/span><\/a><span style=\"color: #000000;\">vorgestellt<\/span>,\u00a0 die mich inspiriert haben.<\/p>\n<p><a href=\"http:\/\/www.artokora.de\/?page_id=7252\"><span style=\"color: #ff0000;\"><strong>Metaphysische Evolution:<\/strong><\/span><\/a> Der Hauptteil ist ein ganz besonderes Buch mit elf Kapitel \u00fcber metaphysische Zusammenh\u00e4nge unserer Welt, die f\u00fcr die meisten Menschen\u00a0 verborgen sind. Das Buch hat den Titel <a href=\"http:\/\/www.artokora.de\/?cat=191\"><span style=\"color: #ff0000;\"><strong>\u00abMetaphysische Evolution<\/strong><\/span><\/a>\u00bb, weil in ihm einige fundamentale Fragen zur kommenden Entwicklung des Weltgeschehen beantwortet werden, die das westliche Denken in materiellen oder religi\u00f6sen Zusammenh\u00e4ngen \u00fcberschreiten. <br \/>Dieses Kompendium beschreibt \u00fcbersichtlich die interkosmischen, unstofflichen\u00a0 Kraftfelder und ihre diversen Wechselwirkungen im Leben,\u00a0 die komplexen Zusammenh\u00e4nge im holistischen Weltbild der Monaden und Kosmen . Makrokosmos, Kosmos und Mikrokosmos werden in einer\u00a0 kybernetischen Ordnung pr\u00e4sentiert, die in anderer esoterischer Literatur nur selten vollst\u00e4ndig dargestellt werden. Zahlreiche Abbildungen visualisieren die mwtaphysischen\u00a0 Zusammenh\u00e4nge und erleichtern das Verst\u00e4ndnis.<\/p>\n<p><strong><span style=\"color: #ff0000;\"><a style=\"color: #ff0000;\" href=\"http:\/\/www.artokora.de\/?page_id=7986\">Wahrnehmung:<\/a><\/span><\/strong> Diese Abhandlung besteht aus einer wissenschaftlichen Arbeit \u00fcber die visuelle Wahrnehmung, die ich zum Abschluss meines Studiums an der FH D\u00fcsseldorf geschrieben habe (2014 redigiert), Im Anhang findet sich eine Beschreibung der Wahrnehmung aus esoterischer Sicht, wobei die Einsichten in den <span style=\"color: #008080;\"><strong><a style=\"color: #008080;\" href=\"http:\/\/www.artokora.de\/?p=5453#.W2qozS3qjUI\">Mikrokosmos<\/a><\/strong><\/span> des Menschen und die transpersonalen morphischen <span style=\"color: #008080;\"><strong><a style=\"color: #008080;\" href=\"http:\/\/www.artokora.de\/?p=5468#.W2qo7i3qjUI\">Felder des Kosmos<\/a> <\/strong><\/span>ber\u00fccksichtigt werden, die viele noch ausstehende Fragen der empirischen materiellen Naturwissenschaft beantworten.<\/p>\n<p>Aktualisiert Januar 2022<\/p>\n<hr \/>\n<p><strong><em>Hello and welcome.<\/em><\/strong><\/p>\n<p>What do you want to find on my homepage? &#8211; In which worldview are your ideas and wishes growing? &#8211; Do you dare to deal with uncomfortable views or with less acquaintances? &#8211; Then you could find some pictures or texts on my homepage.<br \/>Let yourself be dreamed away from my digital art works in the gallery in the unusual space of a new worldview.<\/p>\n<p>My texts are in their own world view in which the universal energies interact creatively in a cybernetic way. They are based on models of esoteric psychologists, Theosophy, Anthroposophy, Giordano Bruno, Annie Besant, Stanislav Grof, Rupert Sheldrake and Ervin Laszlo etc.<\/p>\n<p>Forget about the widely published dogmas of all world cultures, if you want to get involved in my thoughts on a creative universe in probabilistic evolution. Relativize all dogmas about God and the Fall! &#8211; Introduce any esoteric, Buddhist or Hindu yoga method of self-initiation into the field of antiquity. &#8211; It&#8217;s about an eternal evolution.<br \/>Stay true to yourself and independent of any existing cosmology, based on your own current insights.<\/p>\n<p style=\"padding-left: 80px;\"><span style=\"color: #993366;\"><em><strong>First of all<\/strong><\/em><\/span><span style=\"color: #993366;\"><span class=\"tlid-translation translation\" lang=\"en\"><span title=\"\">: All realities of the material world are only appearances.<\/span><br \/><span title=\"\">The identification with it is called Maya.<\/span> <span title=\"\">&#8211; The material world is only the nursery in human reality.<\/span> <span class=\"\" title=\"\">&#8211; Man has to overcome the limits of his material appearance.<\/span> <span class=\"\" title=\"\">&#8211; There are no limits in the holistic fields of the world.<\/span><\/span><\/span><\/p>\n<p>In\u00a0\u00a0<strong><span style=\"color: #ff00ff;\"><a style=\"color: #ff00ff;\" href=\"http:\/\/www.artokora.de\/?page_id=4772\">\u00abGalerie<\/a>\u00bb<\/span><\/strong> spiritual works of art are presented, which are not only for an exquisite environment, but also make statements on current issues of human existence, for people who can see with the heart.<\/p>\n<p>The symbolic or abstract visions in the pictures form statements about the world mysteries that are with their dimensions by many sides wide open. They reveal themselves to the viewer away all committed performances of a purely materially oriented world view and stand apart from all controversy, independent and above the mainstream art.<\/p>\n<p>Spiritual artworks belong with their psychologically profound statements about the cultural and spiritual development of human beings as well as books or music. Whoever is internally set to spiritual views and developments of the cosmos, gets donated diverse insights in these images, which enriches the question of meaning of life with new facets.<\/p>\n<p>In <strong><span style=\"color: #ff00ff;\">\u00ab<a href=\"http:\/\/www.artokora.de\/?page_id=9464\"><span style=\"color: #ff00ff;\">Freie Philosophie<\/span><\/a>\u00bb<\/span>,<\/strong> one finds, in addition to spiritual thought-shots, texts from foreign authors, interpreted by me in addition. The main part is a very special book with twelve chapters on esoteric metaphysical contexts of our world, which are hidden for most people.<\/p>\n<p><span style=\"color: #ff00ff;\"><a style=\"color: #ff00ff;\" href=\"http:\/\/www.artokora.de\/?page_id=7252\"><strong>Metaphysiche Evolution:<\/strong><\/a>\u00a0 <\/span>Title &#8222;Basis of evolution&#8220; emerged because the book answers in its capitels some fundamental questions of life and world events that transcend western thinking in material contexts. It represents a compendium of the occult\u00a0 connections in the world with the non-material force fields and their interactions. The complex relationships in the holographic worldview of the monads in the universe. The macrocosm, <strong><span style=\"color: #008080;\"><a style=\"color: #008080;\" href=\"http:\/\/www.artokora.de\/?p=5468#.W2qrsi3qjUI\">cosmos<\/a><\/span><\/strong> and <span style=\"color: #008080;\"><strong><a style=\"color: #008080;\" href=\"http:\/\/www.artokora.de\/?p=5453#.W2qrji3qjUI\">microcosm<\/a><\/strong><\/span> are presented in a clear order that is seldom fully implied in other esoteric literature. Numerous illustrations to explain the transpersonal relationships facilitate understanding.<\/p>\n<p><a href=\"http:\/\/www.artokora.de\/?page_id=7986\"><span style=\"color: #ff00ff;\"><strong>Perception\/Wahrnehmung:<\/strong><\/span><\/a> This essay consists of a scientific work on visual perception, which I wrote at the University of Applied Sciences D\u00fcsseldorf (2014 edited). The appendix contains a description of the perception from an esoteric point of view, whereby the insights into the microcosm of\u00a0 people and the transpersonal fields of the cosmos, which answer many pending questions of empirical material science.<\/p>\n<p>Sorry: There are no English translations of the texts.<\/p>","protected":false},"excerpt":{"rendered":"<p>Hallo und guten Tag. Die Lebensfelder, die den Menschen, den Kosmos und das Universum wirken lassen, kann kein Mensch erfassen, denn diese f\u00fcr den normalen Sterblichen unsichtbaren Lebensfelder k\u00f6nnen von seine materiellen Wahrnehmungsorganen nichtrealisiert werden. Sie bleiben abstrakt. Darum sind meine Bildealle abstrakt sofern ich keine Kopien aus Fotos umgesetzt habe. Auch dann bleiben die &hellip; <\/p>\n<p class=\"link-more\"><a href=\"https:\/\/www.artokora.de\/?page_id=1193\" class=\"more-link\"><span class=\"screen-reader-text\">\u201eVita\u201c<\/span> weiterlesen<\/a><\/p>\n","protected":false},"author":2,"featured_media":9646,"parent":0,"menu_order":1,"comment_status":"open","ping_status":"open","template":"","meta":{"footnotes":""},"class_list":["post-1193","page","type-page","status-publish","has-post-thumbnail","hentry"],"_links":{"self":[{"href":"https:\/\/www.artokora.de\/index.php?rest_route=\/wp\/v2\/pages\/1193"}],"collection":[{"href":"https:\/\/www.artokora.de\/index.php?rest_route=\/wp\/v2\/pages"}],"about":[{"href":"https:\/\/www.artokora.de\/index.php?rest_route=\/wp\/v2\/types\/page"}],"author":[{"embeddable":true,"href":"https:\/\/www.artokora.de\/index.php?rest_route=\/wp\/v2\/users\/2"}],"replies":[{"embeddable":true,"href":"https:\/\/www.artokora.de\/index.php?rest_route=%2Fwp%2Fv2%2Fcomments&post=1193"}],"version-history":[{"count":81,"href":"https:\/\/www.artokora.de\/index.php?rest_route=\/wp\/v2\/pages\/1193\/revisions"}],"predecessor-version":[{"id":12220,"href":"https:\/\/www.artokora.de\/index.php?rest_route=\/wp\/v2\/pages\/1193\/revisions\/12220"}],"wp:featuredmedia":[{"embeddable":true,"href":"https:\/\/www.artokora.de\/index.php?rest_route=\/wp\/v2\/media\/9646"}],"wp:attachment":[{"href":"https:\/\/www.artokora.de\/index.php?rest_route=%2Fwp%2Fv2%2Fmedia&parent=1193"}],"curies":[{"name":"wp","href":"https:\/\/api.w.org\/{rel}","templated":true}]}}